{"id":260,"date":"2016-08-22T17:32:29","date_gmt":"2016-08-22T15:32:29","guid":{"rendered":"http:\/\/www.baadholm.com\/?post_type=product&#038;p=260"},"modified":"2016-09-22T19:23:34","modified_gmt":"2016-09-22T17:23:34","slug":"spandex-gel-bunion-pad","status":"publish","type":"product","link":"http:\/\/www.baadholm.com\/?product=spandex-gel-bunion-pad","title":{"rendered":"Spandex-Gel Bunion Pad"},"content":{"rendered":"<p><strong>Problem: <\/strong>Ledinflammation och hallux valgus.<\/p>\n<p><strong>L\u00f6sning: <\/strong>Rekommenderas f\u00f6r: Bunion skydd, komfort, ledinflammation,<\/p>\n<p>skyddar hallux valgus, eliminera friktion och trycket fr\u00e5n skor. Kan tv\u00e4ttas i maskin (Tv\u00e4ttp\u00e5se ing\u00e5r).<\/p>\n","protected":false},"excerpt":{"rendered":"<p>Problem: Ledinflammation och hallux valgus. L\u00f6sning: Rekommenderas f\u00f6r: Bunion skydd, komfort, ledinflammation, skyddar hallux valgus, eliminera friktion och trycket fr\u00e5n skor. Kan tv\u00e4ttas i maskin (Tv\u00e4ttp\u00e5se ing\u00e5r).<\/p>\n","protected":false},"featured_media":262,"comment_status":"closed","ping_status":"closed","template":"","meta":[],"product_cat":[9],"product_tag":[],"_links":{"self":[{"href":"http:\/\/www.baadholm.com\/index.php?rest_route=\/wp\/v2\/product\/260"}],"collection":[{"href":"http:\/\/www.baadholm.com\/index.php?rest_route=\/wp\/v2\/product"}],"about":[{"href":"http:\/\/www.baadholm.com\/index.php?rest_route=\/wp\/v2\/types\/product"}],"replies":[{"embeddable":true,"href":"http:\/\/www.baadholm.com\/index.php?rest_route=%2Fwp%2Fv2%2Fcomments&post=260"}],"wp:featuredmedia":[{"embeddable":true,"href":"http:\/\/www.baadholm.com\/index.php?rest_route=\/wp\/v2\/media\/262"}],"wp:attachment":[{"href":"http:\/\/www.baadholm.com\/index.php?rest_route=%2Fwp%2Fv2%2Fmedia&parent=260"}],"wp:term":[{"taxonomy":"product_cat","embeddable":true,"href":"http:\/\/www.baadholm.com\/index.php?rest_route=%2Fwp%2Fv2%2Fproduct_cat&post=260"},{"taxonomy":"product_tag","embeddable":true,"href":"http:\/\/www.baadholm.com\/index.php?rest_route=%2Fwp%2Fv2%2Fproduct_tag&post=260"}],"curies":[{"name":"wp","href":"https:\/\/api.w.org\/{rel}","templated":true}]}}