{"id":296,"date":"2016-09-28T18:36:27","date_gmt":"2016-09-28T16:36:27","guid":{"rendered":"http:\/\/www.baadholm.com\/?post_type=product&#038;p=296"},"modified":"2016-09-29T07:00:35","modified_gmt":"2016-09-29T05:00:35","slug":"neat-feat-gel-toe-spreaders-one-size","status":"publish","type":"product","link":"http:\/\/www.baadholm.com\/?product=neat-feat-gel-toe-spreaders-one-size","title":{"rendered":"Gel Toe Spreaders One size"},"content":{"rendered":"<p><strong>Problem:<\/strong> \u00d6verlappande t\u00e5r.<\/p>\n<p><strong>L\u00f6sning:<\/strong> Neat Feat Gel Toe Spreaders \u00e4r ytterligare en<br \/>\nvariant av Neat Feat Gel Toe Separators. Skillnaden mellan dessa tv\u00e5 \u00e4r att Gel Toe Spreaders \u00e4r bredare, och hindrar<br \/>\np\u00e5 s\u00e5 s\u00e4tt t\u00e5rna fr\u00e5n att \u00f6verlappa varandra. Produkten \u00e4r<br \/>\nutformad f\u00f6r att minska friktionen mellan t\u00e5r som gnider<br \/>\nsig mot varandra, och \u00e4r utvecklad av h\u00f6gteknologiskt polymergel. Samtidigt som produkten \u00e4r \u00e5teranv\u00e4ndbar<br \/>\nkan den tv\u00e4ttas dagligen i tv\u00e5l och vatten utan att<br \/>\nfunktionen f\u00f6rs\u00e4mras. Gel Toe Spreaders minskar friktion<br \/>\nmellan t\u00e5rna och \u00e4r skonsam mot huden.<\/p>\n","protected":false},"excerpt":{"rendered":"<p>Problem: \u00d6verlappande t\u00e5r. L\u00f6sning: Neat Feat Gel Toe Spreaders \u00e4r ytterligare en variant av Neat Feat Gel Toe Separators. Skillnaden mellan dessa tv\u00e5 \u00e4r att Gel Toe Spreaders \u00e4r bredare, och hindrar p\u00e5 s\u00e5 s\u00e4tt t\u00e5rna fr\u00e5n att \u00f6verlappa varandra. Produkten \u00e4r utformad f\u00f6r att minska friktionen mellan t\u00e5r som gnider sig mot varandra, och [&hellip;]<\/p>\n","protected":false},"featured_media":297,"comment_status":"closed","ping_status":"closed","template":"","meta":[],"product_cat":[9],"product_tag":[],"_links":{"self":[{"href":"http:\/\/www.baadholm.com\/index.php?rest_route=\/wp\/v2\/product\/296"}],"collection":[{"href":"http:\/\/www.baadholm.com\/index.php?rest_route=\/wp\/v2\/product"}],"about":[{"href":"http:\/\/www.baadholm.com\/index.php?rest_route=\/wp\/v2\/types\/product"}],"replies":[{"embeddable":true,"href":"http:\/\/www.baadholm.com\/index.php?rest_route=%2Fwp%2Fv2%2Fcomments&post=296"}],"wp:featuredmedia":[{"embeddable":true,"href":"http:\/\/www.baadholm.com\/index.php?rest_route=\/wp\/v2\/media\/297"}],"wp:attachment":[{"href":"http:\/\/www.baadholm.com\/index.php?rest_route=%2Fwp%2Fv2%2Fmedia&parent=296"}],"wp:term":[{"taxonomy":"product_cat","embeddable":true,"href":"http:\/\/www.baadholm.com\/index.php?rest_route=%2Fwp%2Fv2%2Fproduct_cat&post=296"},{"taxonomy":"product_tag","embeddable":true,"href":"http:\/\/www.baadholm.com\/index.php?rest_route=%2Fwp%2Fv2%2Fproduct_tag&post=296"}],"curies":[{"name":"wp","href":"https:\/\/api.w.org\/{rel}","templated":true}]}}