{"id":8,"date":"2011-10-21T09:33:00","date_gmt":"2011-10-21T07:33:00","guid":{"rendered":"http:\/\/www.baadholm.com\/?page_id=8"},"modified":"2024-05-25T13:15:56","modified_gmt":"2024-05-25T11:15:56","slug":"about","status":"publish","type":"page","link":"https:\/\/www.baadholm.com\/?page_id=8","title":{"rendered":"Om oss"},"content":{"rendered":"<p>Baadholm Commerce AB \u00e4r ett svenskt f\u00f6retag som verkar i Skandinavien. Vi \u00e4r distrubut\u00f6r f\u00f6r Neat Feat Ltd, Nya Zeeland.<\/p>\n<p>Neat Feat \u00e4r v\u00e4rldsledande inom fot- och kroppsv\u00e5rd och erbjuder ett brett utbud av olika produkter f\u00f6r en h\u00e4lsosammare livsstil. Neat Feat inte bara hj\u00e4lpa idrottare och aktiva m\u00e4nniskor runt om i v\u00e4rlden, produkterna \u00e4r ocks\u00e5 perfekt f\u00f6r mer specifika fotv\u00e5rdsproblem som spruckna h\u00e4lar eller svettiga f\u00f6tter.<\/p>\n<p>Vi arbetar st\u00e4ndigt med att hitta l\u00e4mpliga produkter f\u00f6r den skandinaviska marknaden. Kontakta oss g\u00e4rna om du vill arbeta med v\u00e5ra nuvarande produkter, eller har n\u00e5gra intressanta produktlinjer att erbjuda.<\/p>\n","protected":false},"excerpt":{"rendered":"<p>Baadholm Commerce AB \u00e4r ett svenskt f\u00f6retag som verkar i Skandinavien. Vi \u00e4r distrubut\u00f6r f\u00f6r Neat Feat Ltd, Nya Zeeland. Neat Feat \u00e4r v\u00e4rldsledande inom fot- och kroppsv\u00e5rd och erbjuder ett brett utbud av olika produkter f\u00f6r en h\u00e4lsosammare livsstil. Neat Feat inte bara hj\u00e4lpa idrottare och aktiva m\u00e4nniskor runt om i v\u00e4rlden, produkterna \u00e4r [&hellip;]<\/p>\n","protected":false},"author":1,"featured_media":0,"parent":0,"menu_order":0,"comment_status":"open","ping_status":"open","template":"","meta":[],"_links":{"self":[{"href":"https:\/\/www.baadholm.com\/index.php?rest_route=\/wp\/v2\/pages\/8"}],"collection":[{"href":"https:\/\/www.baadholm.com\/index.php?rest_route=\/wp\/v2\/pages"}],"about":[{"href":"https:\/\/www.baadholm.com\/index.php?rest_route=\/wp\/v2\/types\/page"}],"author":[{"embeddable":true,"href":"https:\/\/www.baadholm.com\/index.php?rest_route=\/wp\/v2\/users\/1"}],"replies":[{"embeddable":true,"href":"https:\/\/www.baadholm.com\/index.php?rest_route=%2Fwp%2Fv2%2Fcomments&post=8"}],"version-history":[{"count":18,"href":"https:\/\/www.baadholm.com\/index.php?rest_route=\/wp\/v2\/pages\/8\/revisions"}],"predecessor-version":[{"id":527,"href":"https:\/\/www.baadholm.com\/index.php?rest_route=\/wp\/v2\/pages\/8\/revisions\/527"}],"wp:attachment":[{"href":"https:\/\/www.baadholm.com\/index.php?rest_route=%2Fwp%2Fv2%2Fmedia&parent=8"}],"curies":[{"name":"wp","href":"https:\/\/api.w.org\/{rel}","templated":true}]}}